 5*u. What is the remainder when u is divided by 12?
8
Let h be (-6)/(-4)*-2*1 + -13. Calculate the remainder when 111 is divided by (-3)/(-1) + (0 - 1)*h.
16
Suppose -14 - 15 = -c. What is the remainder when 492 is divided by c?
28
Let c(f) = -15 + 7 - 20*f - 9. What is the remainder when c(-3) is divided by 23?
20
What is the remainder when 88 is divided by ((-432)/42)/((-24)/84)?
16
Suppose 0 = 2*m + 2*k - 84, -3*k - 2*k = -5. Let d = -61 - -34. Let h = d - -41. What is the remainder when m is divided by h?
13
Suppose -3*k - 2*b + 22 = 0, 5*k + 2*b = 59 - 25. What is the remainder when 41 is divided by k?
5
Let g = -1 - 0. What is the remainder when 54/9 + (5 - -36) is divided by ((-4)/(-3))/(g/(-9))?
11
Suppose 2*o + 2 = -0*o, 0 = 3*d + 3*o - 75. Let s = 9 - 5. Calculate the remainder when ((-107)/s - -1)*-4 is divided by d.
25
Let t(o) = o**3 - 15*o**2 + 15*o - 17. Let h be t(14). Calculate the remainder when 111 is divided by (-114)/(-9) - 4/h.
13
Suppose 4*n - u - 2*u - 170 = 0, -2*n - 5*u = -98. Let b = -19 + n. Calculate the remainder when 99 is divided by b.
24
Suppose 42*n - 478 - 530 = 0. Calculate the remainder when 1919 is divided by n.
23
Let s(i) = -3*i**3 - 68*i**2 + 136*i**2 - 2*i - 69*i**2 - 6 - 2*i. What is the remainder when 86 is divided by s(-2)?
20
Suppose 3*v - 450 = -2*d, 3*v - v = d - 211. What is the remainder when d is divided by 57?
48
Let b = 11 + 12. Suppose -d + 37 = 4*i - 0, -3*i + 4*d + 23 = 0. Calculate the remainder when b is divided by i.
5
Suppose 0*h = 4*h - 56. Suppose -4*u = -8 - 0, 4*n = -u + 10. Suppose -33 - 44 = -3*d - p, -n*d + 48 = 4*p. Calculate the remainder when d is divided by h.
12
Let f(p) = -p + 15. Let s(w) = 4*w + 1. Let b be s(3). What is the remainder when (42/9)/((-6)/(-9)) is divided by f(b)?
1
Let d(q) = -q**2 - 8*q + 21. Let h be d(-10). What is the remainder when 91 is divided by (-20 + -3)*(h + -2)?
22
Suppose -3*n + 7*n = 44. What is the remainder when 4*(-2)/2 - (-68 - -26) is divided by (-10)/(-5) + n/1?
12
Suppose -24*t = -491 - 181. Calculate the remainder when t is divided by 6.
4
Let r = -86 + 38. Let l = r + 118. What is the remainder when l is divided by 8?
6
Let v = -56 + 57. Calculate the remainder when (v - 4) + (61 - -11) is divided by 24.
21
Calculate the remainder when 127 is divided by ((-88)/16 + 9)/(3/54).
1
Let j = 255 + -235. What is the remainder when 177 is divided by j?
17
Let g = 117 + -3. Suppose -3*y + 0*y + g = 0. What is the remainder when y is divided by 13?
12
Suppose 1405 + 18835 = 44*i. Calculate the remainder when i is divided by 117.
109
Let h(n) = -2*n - 4. Let b be h(4). Let r be 5/30 - 2518/b. Suppose -3*f - 2*f - r = -5*i, f - 142 = -3*i. Calculate the remainder when i is divided by 16.
14
Suppose -6*c = -5*c - 17. Let a = 11 - 11. Suppose 4*u - 185 + 61 = a. Calculate the remainder when u is divided by c.
14
Suppose 7*b = 4*b + n + 22, b - 5*n + 2 = 0. Let o(g) = 18*g - 4. Let x be o(3). Suppose 0 = 13*c - b*c - x. What is the remainder when 49 is divided by c?
9
Suppose 7 + 8 = 3*n. Suppose -n*k = -z - 9, -4*z + k + 39 = 6*k. Calculate the remainder when z is divided by 1.
0
Suppose -7*y + 121 = 23. Calculate the remainder when 50 is divided by y.
8
Suppose 2*f - 18 + 10 = 0. Suppose 0 = -2*y + f*y + 288. Calculate the remainder when (3/6)/((-2)/y) is divided by 19.
17
Suppose 3*f = r + 11, 4*f + 5*r = 23 - 2. What is the remainder when 51 is divided by 96/12*13/f?
25
Let g(k) = 2*k**3 - 3*k**2 + 3*k. Calculate the remainder when ((-14)/(-28))/(1/74) is divided by g(2).
7
Let l = -36 - -71. Calculate the remainder when 117 is divided by l.
12
Let u(m) = 4*m + 19. Let k be u(-4). Suppose -4*t - 55 = -z - t, k*t - 15 = 0. Calculate the remainder when z is divided by 24.
22
Let u(h) = h**2 + 8. Let t be u(8). Suppose 0*o - t = -4*o. Suppose -3*k + 188 = -25. Calculate the remainder when k is divided by o.
17
What is the remainder when 84 is divided by 840/(-14)*3/(-5)?
12
Let q(b) = 13*b + 7. Let f be q(-2). Suppose -3*h = -2*m, 2*h + 0 = 2*m + 2. Calculate the remainder when 58 is divided by 2 - (-1 + (f - h)).
18
Let q be 1/((2 - -1)/21). Let w be 7 + -4 + q + -1. Suppose 0 = -3*n + 2*n + w. What is the remainder when n is divided by 5?
4
Let k(t) = -14*t + 3. Let r be k(-1). Let p = 28 + r. What is the remainder when p is divided by 16?
13
Suppose 5*q - 4 = 3*q. Suppose -3*p - 48 = q*w, -16 = p - 0*w - 2*w. Calculate the remainder when (-2)/2 + p/(-1) is divided by 4.
3
Let s = 115 - 66. Calculate the remainder when s is divided by (-9 + 35/10)*-2.
5
Suppose 15*c = -c + 304. What is the remainder when (27/(-3))/3 - -78 is divided by c?
18
Let j(u) = 7 + 9*u - 1 + 2*u**2 - 1. Suppose -61 = -4*k + 5*n, -5*k - 2*n + 67 = n. What is the remainder when j(-7) is divided by k?
12
Let f(r) = -r**2 - 21*r + 23. Let z = -99 + 78. Calculate the remainder when 45 is divided by f(z).
22
Suppose -4*o + 4 = 0, 30 = 5*m - 5*o - 15. Calculate the remainder when 168 is divided by m.
8
Suppose -3*w = -15, -5*c - 5*w + 91 = -84. Suppose -c = -3*z + 3*d, -4*z + 3*d = -18 - 18. What is the remainder when z is divided by 5?
1
Let h(i) = -7*i + 118. Let a(j) = 9*j**2 - 2*j + 1. What is the remainder when a(2) is divided by h(15)?
7
What is the remainder when 123 is divided by (84/(-10))/(28/(-210))?
60
Suppose -k - 116 = -433. What is the remainder when k is divided by 20?
17
Let x = -88 + 155. Let u = -85 + 154. Suppose -3*d = -6*d + u. What is the remainder when x is divided by d?
21
Suppose -4*f - 4*c - 5 = 3, -4*f = 2*c. Let v = f + 12. What is the remainder when 27 is divided by v?
13
Suppose -48 = 744*q - 745*q. Let m(b) = b**2 + 94. What is the remainder when m(0) is divided by q?
46
Let d = -31 - -59. Suppose -50 - 116 = -2*z. What is the remainder when z is divided by d?
27
Suppose 0 = -2*f + 10, 6*d - 3*f - 29 = 2*d. Suppose -3*s + d = -31. What is the remainder when 39 is divided by s?
11
Suppose 24*v = 25*v. Let i be (-1 - (v + -4))*11. Let o = i + -4. Calculate the remainder when o is divided by 6.
5
Let c(g) = g**2 - 12*g + 13. Let w be c(10). Let f(q) = -8*q + 26. Let u be f(7). Let s = w - u. Calculate the remainder when 67 is divided by s.
21
Let u(q) be the first derivative of -q**3/3 - 7*q**2/2 + 10*q + 10. What is the remainder when 76 is divided by u(-5)?
16
Let p = -17 + 24. Let s(w) = 5*w**2 - 5 + 7*w + 2*w - 6*w**2 + 0. What is the remainder when p is divided by s(8)?
1
Let f(q) = -6*q - 1. Let k be f(-1). Let g be 2/(-12) - (-184)/(-48). What is the remainder when 13 is divided by k - (-2)/(g/(-6))?
5
Let t = 101 + -79. Calculate the remainder when 84 is divided by t.
18
Suppose z - 3*p = -6*p + 42, -4*z - 2*p = -148. What is the remainder when 206 is divided by z?
26
Let q be ((-4)/14)/(16/(-336)). Calculate the remainder when 37/3 + 4/q is divided by 5.
3
Let m(j) = j**2 - 15*j + 16. Let h(r) = r - 6. What is the remainder when m(14) is divided by h(7)?
0
Let r = 568 - 550. What is the remainder when 122 is divided by r?
14
Let w = 1044 + -551. Calculate the remainder when w is divided by 101.
89
Suppose -5 = 5*q, 8*q + 161 = 4*h + 3*q. Let p(b) = -h - 36*b + 40 + 14*b. What is the remainder when p(-3) is divided by 14?
11
Let b be ((-162)/(-12))/9*(-40)/(-6). Calculate the remainder when 13 is divided by 48/b + 8/(-10).
1
Let b(v) = -v**3 - 2*v**2 - 1. Let w be b(-2). Let r be (-8 + 9)/(w/(-8)). Let k = 5 + r. Calculate the remainder when 24 is divided by k.
11
Suppose 3*k + 2*k = 5*u - 315, 65 = u - 2*k. Let v = -9 + u. Calculate the remainder when v is divided by 14.
10
Let i = 236 + -185. What is the remainder when i is divided by 14?
9
Let p be ((-3)/(-3) - -1)/(-1). Let b = p - -53. Calculate the remainder when b is divided by 27.
24
Let m = -2 - -27. Let g(y) = y**2 + 2*y + 4. Let u be g(0). What is the remainder when m is divided by (12 - u) + (2 - 1)?
7
Suppose 5*c + 16 = 2*k, 5*k - 7 = -2*c - 2*c. Suppose -2*t = 3*r - 1 - 1, -1 = -4*r - t. Suppose 33 = -r*j + k*j. What is the remainder when 20 is divided by j?
9
Suppose -192 = -4*c + 3*i, c - 6*c + 240 = 4*i. Suppose 154 = a + 144. What is the remainder when c is divided by a?
8
Let j(p) = -12*p**3 + 3*p**2 + 2*p. What is the remainder when j(-1) is divided by 7?
6
Let q =